{"id":9286,"date":"2023-05-17T20:15:35","date_gmt":"2023-05-17T18:15:35","guid":{"rendered":"https:\/\/iumotril.org\/sitio\/?page_id=9286"},"modified":"2023-05-17T20:15:35","modified_gmt":"2023-05-17T18:15:35","slug":"podcast-muni2023","status":"publish","type":"page","link":"https:\/\/iumotril.org\/sitio\/elecciones-municipales-2023\/podcast-muni2023\/","title":{"rendered":"PODCAST MUNI&#8217;2023"},"content":{"rendered":"<p>Esta p\u00e1gina acoge los podcasts\u00a0 creados para acercar el programa electoral\u00a0 de las Municipales 2023 a todos los visitantes de este sitio. Esperamos que sea de vuestro agrado.<\/p>\n<p>El podcast est\u00e1 alojado en <a href=\"https:\/\/www.ivoox.com\/podcast-municipales-2023_sq_f11961552_1.html\">IVOOX<\/a>.<\/p>\n<p><iframe loading=\"lazy\" style=\"border: 1px solid #FFFFFF;\" src=\"https:\/\/www.ivoox.com\/player_es_podcast_1961552_zp_1.html\" width=\"100%\" height=\"400\" frameborder=\"0\" scrolling=\"no\" allowfullscreen=\"allowfullscreen\"><\/iframe><\/p>\n","protected":false},"excerpt":{"rendered":"<p>Esta p\u00e1gina acoge los podcasts\u00a0 creados para acercar el programa [&hellip;]<\/p>\n","protected":false},"author":1,"featured_media":0,"parent":9105,"menu_order":0,"comment_status":"closed","ping_status":"closed","template":"","meta":{"cybocfi_hide_featured_image":"","footnotes":""},"class_list":["post-9286","page","type-page","status-publish","hentry"],"jetpack_sharing_enabled":true,"jetpack_shortlink":"https:\/\/wp.me\/P4QsU5-2pM","jetpack-related-posts":[{"id":8379,"url":"https:\/\/iumotril.org\/sitio\/podcast\/","url_meta":{"origin":9286,"position":0},"title":"Podcast","author":"Izquierda Unida Motril","date":"17 septiembre, 2022","format":false,"excerpt":"Abrimos este espacio de podcast para compartir informaci\u00f3n y opini\u00f3n acerca de las actividades que Izquierda Unida de Motril realiza en el ayuntamiento as\u00ed como en los diversos sectores en los que interviene con el fin de mejorar el d\u00eda a d\u00eda de nuestros ciudadanos y ciudadanas. Esperamos que sea\u2026","rel":"","context":"Entrada similar","block_context":{"text":"Entrada similar","link":""},"img":{"alt_text":"","src":"","width":0,"height":0},"classes":[]},{"id":7275,"url":"https:\/\/iumotril.org\/sitio\/actividad-municipal\/preguntas-al-gobierno-municipal\/","url_meta":{"origin":9286,"position":1},"title":"Solicitudes de acceso a la Informaci\u00f3n y preguntas al gobierno municipal","author":"Izquierda Unida Motril","date":"31 marzo, 2021","format":false,"excerpt":"ASUNTO FECHA PREGUNTA\/SOLICITUD RESPUESTA\/CONTESTACI\u00d3N Problemas y desperfectos Piscina Municipal 16\/03\/26 Petici\u00f3n de informaci\u00f3n sobre los problemas de funcionamiento y desperfectos de la Piscina Municipal \u00a0 Informaci\u00f3n solicitud grupo de mayores de gimnasia 27 de noviembre sin respuesta 13\/03\/26 Petici\u00f3n de informaci\u00f3n sobe la solicitud de un grupo de mayores usuarios\u2026","rel":"","context":"Entrada similar","block_context":{"text":"Entrada similar","link":""},"img":{"alt_text":"","src":"https:\/\/i0.wp.com\/iumotril.org\/sitio\/wp-content\/uploads\/2023\/05\/campana-2-scaled.jpg?resize=350%2C200&ssl=1","width":350,"height":200,"srcset":"https:\/\/i0.wp.com\/iumotril.org\/sitio\/wp-content\/uploads\/2023\/05\/campana-2-scaled.jpg?resize=350%2C200&ssl=1 1x, https:\/\/i0.wp.com\/iumotril.org\/sitio\/wp-content\/uploads\/2023\/05\/campana-2-scaled.jpg?resize=525%2C300&ssl=1 1.5x, https:\/\/i0.wp.com\/iumotril.org\/sitio\/wp-content\/uploads\/2023\/05\/campana-2-scaled.jpg?resize=700%2C400&ssl=1 2x, https:\/\/i0.wp.com\/iumotril.org\/sitio\/wp-content\/uploads\/2023\/05\/campana-2-scaled.jpg?resize=1050%2C600&ssl=1 3x, https:\/\/i0.wp.com\/iumotril.org\/sitio\/wp-content\/uploads\/2023\/05\/campana-2-scaled.jpg?resize=1400%2C800&ssl=1 4x"},"classes":[]},{"id":5698,"url":"https:\/\/iumotril.org\/sitio\/yomequedoencasa\/","url_meta":{"origin":9286,"position":2},"title":"#MeQuedoEnCasaMotril","author":"Izquierda Unida Motril","date":"18 marzo, 2020","format":false,"excerpt":"Mientras se despliegan las medidas y colaboramos de forma individual en esta enorme tarea colectiva, desde IU Motril queremos compartir\u00a0un espacio com\u00fan\u00a0que recoja informaci\u00f3n y recursos\u00a0para que el d\u00eda a d\u00eda de la cuarentena sea m\u00e1s llevadero y, sobre todo, nos permita contribuir a que la salida a toda esta\u2026","rel":"","context":"Entrada similar","block_context":{"text":"Entrada similar","link":""},"img":{"alt_text":"","src":"https:\/\/i0.wp.com\/iumotril.org\/sitio\/wp-content\/uploads\/2020\/03\/Captura-de-pantalla-2020-03-24-a-las-13.48.00.png?resize=350%2C200","width":350,"height":200,"srcset":"https:\/\/i0.wp.com\/iumotril.org\/sitio\/wp-content\/uploads\/2020\/03\/Captura-de-pantalla-2020-03-24-a-las-13.48.00.png?resize=350%2C200 1x, https:\/\/i0.wp.com\/iumotril.org\/sitio\/wp-content\/uploads\/2020\/03\/Captura-de-pantalla-2020-03-24-a-las-13.48.00.png?resize=525%2C300 1.5x, https:\/\/i0.wp.com\/iumotril.org\/sitio\/wp-content\/uploads\/2020\/03\/Captura-de-pantalla-2020-03-24-a-las-13.48.00.png?resize=700%2C400 2x"},"classes":[]},{"id":3851,"url":"https:\/\/iumotril.org\/sitio\/borrador-de-programa\/","url_meta":{"origin":9286,"position":3},"title":"Programa","author":"Izquierda Unida Motril","date":"18 septiembre, 2018","format":false,"excerpt":"Nuestro programa de gobierno es el resultado del debate de multitud de andaluzas y andaluces que han colaborado, tanto individualmente como en Los Patios de elaboraci\u00f3n colectiva, con sus propuestas e iniciativas. Como resultado de este trabajo han surgido m\u00e1s de mil enmiendas a nuestro borrador inicial, estamos sintetizando estas\u2026","rel":"","context":"Entrada similar","block_context":{"text":"Entrada similar","link":""},"img":{"alt_text":"","src":"https:\/\/i0.wp.com\/iumotril.org\/sitio\/wp-content\/uploads\/2018\/09\/1200px-Adelante_Andaluci%CC%81a_Logo.svg_-300x235.png?resize=350%2C200","width":350,"height":200},"classes":[]},{"id":1706,"url":"https:\/\/iumotril.org\/sitio\/campanas\/","url_meta":{"origin":9286,"position":4},"title":"\u00danete a IU","author":"Izquierda Unida Motril","date":"26 noviembre, 2015","format":false,"excerpt":"Qui\u00e9n puede afiliarse a Izquierda Unida La condici\u00f3n de afiliado\/a en IU la podr\u00e1n adquirir aquellas personas mayores de 18 a\u00f1os que manifiesten su intenci\u00f3n de colaborar y participar de forma activa en la organizaci\u00f3n, respetando y acatando sus principios y objetivos, sus Estatutos y los acuerdos de sus \u00f3rganos.\u2026","rel":"","context":"Entrada similar","block_context":{"text":"Entrada similar","link":""},"img":{"alt_text":"","src":"https:\/\/i0.wp.com\/iumotril.org\/sitio\/wp-content\/uploads\/2018\/09\/un-nuevo-pai%CC%81s-300x212.jpg?resize=350%2C200","width":350,"height":200},"classes":[]},{"id":411,"url":"https:\/\/iumotril.org\/sitio\/municipales-2015\/programa-abierto-municipales-2015\/","url_meta":{"origin":9286,"position":5},"title":"Propuestas para cambiar Motril","author":"Izquierda Unida Motril","date":"27 enero, 2015","format":false,"excerpt":"ES TIEMPO DE IZQUIERDA, ES TIEMPO DE MOTRIL El d\u00eda 24 de Mayo la ciudadan\u00eda tendremos la oportunidad de ejercer el derecho a elegir a quienes nos representaran a la hora de gobernar Motril los pr\u00f3ximos cuatro a\u00f1os. Nuestras propuestas,\u00a0elaboradas con la amplia participaci\u00f3n de todos los sectores de la\u2026","rel":"","context":"Entrada similar","block_context":{"text":"Entrada similar","link":""},"img":{"alt_text":"Es tiempo de izquierda","src":"https:\/\/i0.wp.com\/iumotril.org\/sitio\/wp-content\/uploads\/2015\/05\/Siluetas_con_Lema-300x119.jpg?resize=350%2C200","width":350,"height":200},"classes":[]}],"jetpack_likes_enabled":true,"_links":{"self":[{"href":"https:\/\/iumotril.org\/sitio\/wp-json\/wp\/v2\/pages\/9286","targetHints":{"allow":["GET"]}}],"collection":[{"href":"https:\/\/iumotril.org\/sitio\/wp-json\/wp\/v2\/pages"}],"about":[{"href":"https:\/\/iumotril.org\/sitio\/wp-json\/wp\/v2\/types\/page"}],"author":[{"embeddable":true,"href":"https:\/\/iumotril.org\/sitio\/wp-json\/wp\/v2\/users\/1"}],"replies":[{"embeddable":true,"href":"https:\/\/iumotril.org\/sitio\/wp-json\/wp\/v2\/comments?post=9286"}],"version-history":[{"count":1,"href":"https:\/\/iumotril.org\/sitio\/wp-json\/wp\/v2\/pages\/9286\/revisions"}],"predecessor-version":[{"id":9287,"href":"https:\/\/iumotril.org\/sitio\/wp-json\/wp\/v2\/pages\/9286\/revisions\/9287"}],"up":[{"embeddable":true,"href":"https:\/\/iumotril.org\/sitio\/wp-json\/wp\/v2\/pages\/9105"}],"wp:attachment":[{"href":"https:\/\/iumotril.org\/sitio\/wp-json\/wp\/v2\/media?parent=9286"}],"curies":[{"name":"wp","href":"https:\/\/api.w.org\/{rel}","templated":true}]}}

<p>Esta página acoge los podcasts  creados para acercar el programa electoral  de las Municipales 2023 a todos los visitantes de este sitio. Esperamos que sea de vuestro agrado.</p>
<p>El podcast está alojado en <a href="https://www.ivoox.com/podcast-municipales-2023_sq_f11961552_1.html">IVOOX</a>.</p>
<p><iframe loading="lazy" style="border: 1px solid #FFFFFF;" src="https://www.ivoox.com/player_es_podcast_1961552_zp_1.html" width="100%" height="400" frameborder="0" scrolling="no" allowfullscreen="allowfullscreen"></iframe></p>

<p>Esta página acoge los podcasts  creados para acercar el programa [&hellip;]</p>

Abrimos este espacio de podcast para compartir información y opinión acerca de las actividades que Izquierda Unida de Motril realiza en el ayuntamiento así como en los diversos sectores en los que interviene con el fin de mejorar el día a día de nuestros ciudadanos y ciudadanas. Esperamos que sea…

Solicitudes de acceso a la Información y preguntas al gobierno municipal

ASUNTO FECHA PREGUNTA/SOLICITUD RESPUESTA/CONTESTACIÓN Problemas y desperfectos Piscina Municipal 16/03/26 Petición de información sobre los problemas de funcionamiento y desperfectos de la Piscina Municipal   Información solicitud grupo de mayores de gimnasia 27 de noviembre sin respuesta 13/03/26 Petición de información sobe la solicitud de un grupo de mayores usuarios…

Mientras se despliegan las medidas y colaboramos de forma individual en esta enorme tarea colectiva, desde IU Motril queremos compartir un espacio común que recoja información y recursos para que el día a día de la cuarentena sea más llevadero y, sobre todo, nos permita contribuir a que la salida a toda esta…

Nuestro programa de gobierno es el resultado del debate de multitud de andaluzas y andaluces que han colaborado, tanto individualmente como en Los Patios de elaboración colectiva, con sus propuestas e iniciativas. Como resultado de este trabajo han surgido más de mil enmiendas a nuestro borrador inicial, estamos sintetizando estas…

Únete a IU

Quién puede afiliarse a Izquierda Unida La condición de afiliado/a en IU la podrán adquirir aquellas personas mayores de 18 años que manifiesten su intención de colaborar y participar de forma activa en la organización, respetando y acatando sus principios y objetivos, sus Estatutos y los acuerdos de sus órganos.…

ES TIEMPO DE IZQUIERDA, ES TIEMPO DE MOTRIL El día 24 de Mayo la ciudadanía tendremos la oportunidad de ejercer el derecho a elegir a quienes nos representaran a la hora de gobernar Motril los próximos cuatro años. Nuestras propuestas, elaboradas con la amplia participación de todos los sectores de la…
