{"id":597,"date":"2015-04-29T18:57:09","date_gmt":"2015-04-29T16:57:09","guid":{"rendered":"http:\/\/iumotril.org\/sitio\/?page_id=597"},"modified":"2015-05-07T20:04:41","modified_gmt":"2015-05-07T18:04:41","slug":"agenda","status":"publish","type":"page","link":"https:\/\/iumotril.org\/sitio\/municipales-2015\/agenda\/","title":{"rendered":"Agenda de Campa\u00f1a"},"content":{"rendered":"<p>Sigue nuestra Agenda de Campa\u00f1a.<\/p>\n<p>Acomp\u00e1\u00f1anos en los actos que llevaremos a cabo en los barrios, las calles y las plazas de Motril.<\/p>\n<p><strong><span style=\"color: #993300;\">Es tiempo de izquierda. Es tiempo de Motril.<\/span><\/strong><\/p>\n<p><iframe loading=\"lazy\" style=\"border: solid 1px #777;\" src=\"https:\/\/www.google.com\/calendar\/embed?title=Agenda%20de%20Campa%C3%B1a&amp;height=600&amp;wkst=2&amp;bgcolor=%23FFFFFF&amp;src=i0p73v8bv0uhrkp5ojnl5v9pq4%40group.calendar.google.com&amp;color=%23865A5A&amp;ctz=Europe%2FMadrid\" width=\"600\" height=\"600\" frameborder=\"0\" scrolling=\"no\"><\/iframe><\/p>\n","protected":false},"excerpt":{"rendered":"<p>Sigue nuestra Agenda de Campa\u00f1a. Acomp\u00e1\u00f1anos en los actos que [&hellip;]<\/p>\n","protected":false},"author":1,"featured_media":0,"parent":533,"menu_order":2,"comment_status":"open","ping_status":"open","template":"","meta":{"cybocfi_hide_featured_image":"","footnotes":""},"class_list":["post-597","page","type-page","status-publish","hentry"],"jetpack_sharing_enabled":true,"jetpack_shortlink":"https:\/\/wp.me\/P4QsU5-9D","jetpack-related-posts":[{"id":533,"url":"https:\/\/iumotril.org\/sitio\/municipales-2015\/","url_meta":{"origin":597,"position":0},"title":"Municipales 2015","author":"Izquierda Unida Motril","date":"21 abril, 2015","format":false,"excerpt":"El d\u00eda 24 de Mayo la ciudadan\u00eda tendremos la oportunidad de ejercer el derecho a elegir a quienes nos representaran a la hora de gobernar Motril los pr\u00f3ximos cuatro a\u00f1os. A trav\u00e9s de estas p\u00e1ginas puedes conocer cu\u00e1les son nuestras propuestas de cambio y transformaci\u00f3n para Motril. Nuestras propuestas,\u00a0elaboradas con\u2026","rel":"","context":"Entrada similar","block_context":{"text":"Entrada similar","link":""},"img":{"alt_text":"","src":"https:\/\/i0.wp.com\/iumotril.org\/sitio\/wp-content\/uploads\/2022\/11\/siluetasconlema-300x118.jpg?resize=350%2C200&ssl=1","width":350,"height":200},"classes":[]},{"id":9116,"url":"https:\/\/iumotril.org\/sitio\/campana\/","url_meta":{"origin":597,"position":1},"title":"Campa\u00f1a electoral","author":"Izquierda Unida Motril","date":"29 abril, 2023","format":false,"excerpt":"V\u00cdDEO DE CAMPA\u00d1A. CUIDAMOS MOTRIL PARA UNA VIDA MEJOR https:\/\/youtu.be\/dwOO8zkMZo8 SPOT DE CAMPA\u00d1A. 30 seg. https:\/\/youtu.be\/EOk4irMnQPc CU\u00d1A DE RADIO 30 Seg. \u00a0 \u00a0 Entrevista en Telemotril a Inma Omiste (lunes, 22 de mayo) https:\/\/youtu.be\/TRc4hxSX0Xo \u00a0 \u00a0 \u00a0 \u00a0 \u00a0 \u00a0 \u00a0 \u00a0 \u00a0 \u00a0 \u00a0 D\u00edptico en pdf. \u00a0 \u00a0","rel":"","context":"Entrada similar","block_context":{"text":"Entrada similar","link":""},"img":{"alt_text":"","src":"https:\/\/i0.wp.com\/iumotril.org\/sitio\/wp-content\/uploads\/2023\/05\/266c5d06-15dc-495d-8f3e-18c78949e39e-2.jpg?resize=350%2C200&ssl=1","width":350,"height":200,"srcset":"https:\/\/i0.wp.com\/iumotril.org\/sitio\/wp-content\/uploads\/2023\/05\/266c5d06-15dc-495d-8f3e-18c78949e39e-2.jpg?resize=350%2C200&ssl=1 1x, https:\/\/i0.wp.com\/iumotril.org\/sitio\/wp-content\/uploads\/2023\/05\/266c5d06-15dc-495d-8f3e-18c78949e39e-2.jpg?resize=525%2C300&ssl=1 1.5x, https:\/\/i0.wp.com\/iumotril.org\/sitio\/wp-content\/uploads\/2023\/05\/266c5d06-15dc-495d-8f3e-18c78949e39e-2.jpg?resize=700%2C400&ssl=1 2x"},"classes":[]},{"id":4961,"url":"https:\/\/iumotril.org\/sitio\/agenda-electoral\/","url_meta":{"origin":597,"position":2},"title":"Agenda de campa\u00f1a","author":"Izquierda Unida Motril","date":"11 mayo, 2019","format":false,"excerpt":"<iframe src=\"https:\/\/calendar.google.com\/calendar\/b\/1\/embed?height=600&amp;wkst=1&amp;bgcolor=%23ffffff&amp;ctz=Europe%2FMadrid&amp;src=ZXN0aWVtcG9kZWl6cXVpZXJkYW1vdHJpbEBnbWFpbC5jb20&amp;color=%233F51B5\" style=\"border-width:0\" width=\"800\" height=\"600\" frameborder=\"0\" scrolling=\"no\"><\/iframe> https:\/\/calendar.google.com\/calendar\/ical\/estiempodeizquierdamotril%40gmail.com\/public\/basic.ics \u00a0","rel":"","context":"Entrada similar","block_context":{"text":"Entrada similar","link":""},"img":{"alt_text":"","src":"","width":0,"height":0},"classes":[]},{"id":706,"url":"https:\/\/iumotril.org\/sitio\/municipales-2015\/materiales-de-campana\/","url_meta":{"origin":597,"position":3},"title":"Materiales de Campa\u00f1a","author":"Izquierda Unida Motril","date":"12 mayo, 2015","format":false,"excerpt":"Daniel Candidata a la Alcald\u00eda \u00a0 \u00a0Candidatos \u00a0 \u00a0Candidatura. Grupo \u00a0 V\u00eddeo 1: Becas de Empleo y Bolsas de Trabajo https:\/\/youtu.be\/Cj_ifBZlDbY V\u00eddeo 2: Tecnolog\u00eda al Servicio del Medio Ambiente https:\/\/youtu.be\/dZZ7bXBJOfM \u00a0V\u00eddeo 3. Barrios y Ciudad https:\/\/www.youtube.com\/watch?v=Ex9YVr8l35k V\u00eddeo 4. Agricultura https:\/\/www.youtube.com\/watch?v=qPi5wuYu6nI V\u00eddeo 5. Gesti\u00f3n Municipal https:\/\/www.youtube.com\/watch?v=jqif5sAulmE V\u00eddeo 6. Cultura https:\/\/www.youtube.com\/watch?v=fkg5C-ovRwo V\u00eddeo\u2026","rel":"","context":"Entrada similar","block_context":{"text":"Entrada similar","link":""},"img":{"alt_text":"Daniela Paqu\u00e9 candidata a la Alcald\u00eda de Motril","src":"https:\/\/i0.wp.com\/iumotril.org\/sitio\/wp-content\/uploads\/2015\/05\/Paginas-100xCien-.001-150x150.jpg?resize=350%2C200","width":350,"height":200},"classes":[]},{"id":411,"url":"https:\/\/iumotril.org\/sitio\/municipales-2015\/programa-abierto-municipales-2015\/","url_meta":{"origin":597,"position":4},"title":"Propuestas para cambiar Motril","author":"Izquierda Unida Motril","date":"27 enero, 2015","format":false,"excerpt":"ES TIEMPO DE IZQUIERDA, ES TIEMPO DE MOTRIL El d\u00eda 24 de Mayo la ciudadan\u00eda tendremos la oportunidad de ejercer el derecho a elegir a quienes nos representaran a la hora de gobernar Motril los pr\u00f3ximos cuatro a\u00f1os. Nuestras propuestas,\u00a0elaboradas con la amplia participaci\u00f3n de todos los sectores de la\u2026","rel":"","context":"Entrada similar","block_context":{"text":"Entrada similar","link":""},"img":{"alt_text":"Es tiempo de izquierda","src":"https:\/\/i0.wp.com\/iumotril.org\/sitio\/wp-content\/uploads\/2015\/05\/Siluetas_con_Lema-300x119.jpg?resize=350%2C200","width":350,"height":200},"classes":[]},{"id":7275,"url":"https:\/\/iumotril.org\/sitio\/actividad-municipal\/preguntas-al-gobierno-municipal\/","url_meta":{"origin":597,"position":5},"title":"Solicitudes de acceso a la Informaci\u00f3n y preguntas al gobierno municipal","author":"Izquierda Unida Motril","date":"31 marzo, 2021","format":false,"excerpt":"ASUNTO FECHA PREGUNTA\/SOLICITUD RESPUESTA\/CONTESTACI\u00d3N Problemas y desperfectos Piscina Municipal 16\/03\/26 Petici\u00f3n de informaci\u00f3n sobre los problemas de funcionamiento y desperfectos de la Piscina Municipal \u00a0 Informaci\u00f3n solicitud grupo de mayores de gimnasia 27 de noviembre sin respuesta 13\/03\/26 Petici\u00f3n de informaci\u00f3n sobe la solicitud de un grupo de mayores usuarios\u2026","rel":"","context":"Entrada similar","block_context":{"text":"Entrada similar","link":""},"img":{"alt_text":"","src":"https:\/\/i0.wp.com\/iumotril.org\/sitio\/wp-content\/uploads\/2023\/05\/campana-2-scaled.jpg?resize=350%2C200&ssl=1","width":350,"height":200,"srcset":"https:\/\/i0.wp.com\/iumotril.org\/sitio\/wp-content\/uploads\/2023\/05\/campana-2-scaled.jpg?resize=350%2C200&ssl=1 1x, https:\/\/i0.wp.com\/iumotril.org\/sitio\/wp-content\/uploads\/2023\/05\/campana-2-scaled.jpg?resize=525%2C300&ssl=1 1.5x, https:\/\/i0.wp.com\/iumotril.org\/sitio\/wp-content\/uploads\/2023\/05\/campana-2-scaled.jpg?resize=700%2C400&ssl=1 2x, https:\/\/i0.wp.com\/iumotril.org\/sitio\/wp-content\/uploads\/2023\/05\/campana-2-scaled.jpg?resize=1050%2C600&ssl=1 3x, https:\/\/i0.wp.com\/iumotril.org\/sitio\/wp-content\/uploads\/2023\/05\/campana-2-scaled.jpg?resize=1400%2C800&ssl=1 4x"},"classes":[]}],"jetpack_likes_enabled":true,"_links":{"self":[{"href":"https:\/\/iumotril.org\/sitio\/wp-json\/wp\/v2\/pages\/597","targetHints":{"allow":["GET"]}}],"collection":[{"href":"https:\/\/iumotril.org\/sitio\/wp-json\/wp\/v2\/pages"}],"about":[{"href":"https:\/\/iumotril.org\/sitio\/wp-json\/wp\/v2\/types\/page"}],"author":[{"embeddable":true,"href":"https:\/\/iumotril.org\/sitio\/wp-json\/wp\/v2\/users\/1"}],"replies":[{"embeddable":true,"href":"https:\/\/iumotril.org\/sitio\/wp-json\/wp\/v2\/comments?post=597"}],"version-history":[{"count":7,"href":"https:\/\/iumotril.org\/sitio\/wp-json\/wp\/v2\/pages\/597\/revisions"}],"predecessor-version":[{"id":675,"href":"https:\/\/iumotril.org\/sitio\/wp-json\/wp\/v2\/pages\/597\/revisions\/675"}],"up":[{"embeddable":true,"href":"https:\/\/iumotril.org\/sitio\/wp-json\/wp\/v2\/pages\/533"}],"wp:attachment":[{"href":"https:\/\/iumotril.org\/sitio\/wp-json\/wp\/v2\/media?parent=597"}],"curies":[{"name":"wp","href":"https:\/\/api.w.org\/{rel}","templated":true}]}}

Agenda de Campaña

<p>Sigue nuestra Agenda de Campaña.</p>
<p>Acompáñanos en los actos que llevaremos a cabo en los barrios, las calles y las plazas de Motril.</p>
<p><strong><span style="color: #993300;">Es tiempo de izquierda. Es tiempo de Motril.</span></strong></p>
<p><iframe loading="lazy" style="border: solid 1px #777;" src="https://www.google.com/calendar/embed?title=Agenda%20de%20Campa%C3%B1a&amp;height=600&amp;wkst=2&amp;bgcolor=%23FFFFFF&amp;src=i0p73v8bv0uhrkp5ojnl5v9pq4%40group.calendar.google.com&amp;color=%23865A5A&amp;ctz=Europe%2FMadrid" width="600" height="600" frameborder="0" scrolling="no"></iframe></p>

<p>Sigue nuestra Agenda de Campaña. Acompáñanos en los actos que [&hellip;]</p>

El día 24 de Mayo la ciudadanía tendremos la oportunidad de ejercer el derecho a elegir a quienes nos representaran a la hora de gobernar Motril los próximos cuatro años. A través de estas páginas puedes conocer cuáles son nuestras propuestas de cambio y transformación para Motril. Nuestras propuestas, elaboradas con…

Campaña electoral

VÍDEO DE CAMPAÑA. CUIDAMOS MOTRIL PARA UNA VIDA MEJOR https://youtu.be/dwOO8zkMZo8 SPOT DE CAMPAÑA. 30 seg. https://youtu.be/EOk4irMnQPc CUÑA DE RADIO 30 Seg.     Entrevista en Telemotril a Inma Omiste (lunes, 22 de mayo) https://youtu.be/TRc4hxSX0Xo                       Díptico en pdf.

Agenda de campaña

Materiales de Campaña

Daniel Candidata a la Alcaldía    Candidatos    Candidatura. Grupo   Vídeo 1: Becas de Empleo y Bolsas de Trabajo https://youtu.be/Cj_ifBZlDbY Vídeo 2: Tecnología al Servicio del Medio Ambiente https://youtu.be/dZZ7bXBJOfM  Vídeo 3. Barrios y Ciudad https://www.youtube.com/watch?v=Ex9YVr8l35k Vídeo 4. Agricultura https://www.youtube.com/watch?v=qPi5wuYu6nI Vídeo 5. Gestión Municipal https://www.youtube.com/watch?v=jqif5sAulmE Vídeo 6. Cultura https://www.youtube.com/watch?v=fkg5C-ovRwo Vídeo…

Daniela Paqué candidata a la Alcaldía de Motril

ES TIEMPO DE IZQUIERDA, ES TIEMPO DE MOTRIL El día 24 de Mayo la ciudadanía tendremos la oportunidad de ejercer el derecho a elegir a quienes nos representaran a la hora de gobernar Motril los próximos cuatro años. Nuestras propuestas, elaboradas con la amplia participación de todos los sectores de la…

Solicitudes de acceso a la Información y preguntas al gobierno municipal

ASUNTO FECHA PREGUNTA/SOLICITUD RESPUESTA/CONTESTACIÓN Problemas y desperfectos Piscina Municipal 16/03/26 Petición de información sobre los problemas de funcionamiento y desperfectos de la Piscina Municipal   Información solicitud grupo de mayores de gimnasia 27 de noviembre sin respuesta 13/03/26 Petición de información sobe la solicitud de un grupo de mayores usuarios…
