{"id":411,"date":"2015-01-27T19:26:57","date_gmt":"2015-01-27T18:26:57","guid":{"rendered":"http:\/\/iumotril.org\/sitio\/?page_id=411"},"modified":"2015-05-20T17:02:35","modified_gmt":"2015-05-20T15:02:35","slug":"programa-abierto-municipales-2015","status":"publish","type":"page","link":"https:\/\/iumotril.org\/sitio\/municipales-2015\/programa-abierto-municipales-2015\/","title":{"rendered":"Propuestas para cambiar Motril"},"content":{"rendered":"<p class=\"p1\"><span class=\"s1\" style=\"color: #993300;\"><b>ES TIEMPO DE IZQUIERDA, ES TIEMPO DE MOTRIL<\/b><\/span><\/p>\n<p><span style=\"line-height: 1.5;\">El d\u00eda 24 de Mayo la ciudadan\u00eda tendremos la oportunidad de ejercer el derecho a elegir a quienes nos representaran a la hora de gobernar Motril los pr\u00f3ximos cuatro a\u00f1os.<\/span><\/p>\n<p class=\"p1\"><span class=\"s1\">Nuestras propuestas,\u00a0elaboradas con la amplia participaci\u00f3n de todos los sectores de la sociedad civil motrile\u00f1a, son<b>\u00a0nuestro Compromiso<\/b>.<\/span><\/p>\n<p class=\"p1\"><span class=\"s1\"><b>Izquierda Unida Los Verdes Convocatoria por Andaluc\u00eda <\/b>es una fuerza pol\u00edtica radicalmente distinta al resto. Quienes formamos parte de ella no somos pol\u00edticos profesionales ni tenemos ambiciones personales ni econ\u00f3micas. Somos gente como vosotr@s, comprometidos con equilibrar<span class=\"Apple-converted-space\">\u00a0 <\/span>un Motril cada vez m\u00e1s desigual, con corregir la actuaci\u00f3n de un sistema econ\u00f3mico y pol\u00edtico que solo busca el r\u00e1pido enriquecimiento de unos pocos privilegiados que han expoliado las arcas municipales,<span class=\"Apple-converted-space\">\u00a0 <\/span>que no duda en destruir nuestro territorio, contaminar nuestro medio natural, recortar a las clases trabajadoras e impedirles el acceso a derechos b\u00e1sicos como la vivienda o el empleo de calidad.<\/span><\/p>\n<p class=\"p1\"><span class=\"s1\">Este compromiso exige un cambio total en el rumbo de nuestra ciudad. Pero no un cambio que signifique mas pol\u00edticas de derechas como las sufridas los \u00faltimos ocho a\u00f1os, ni tampoco proyectos agotados de seudoprogresismo que solo significan mas pol\u00edticas a favor de la \u00e9lite socioecon\u00f3mica.<\/span><\/p>\n<p class=\"p1\"><span class=\"s1\"><a href=\"https:\/\/iumotril.org\/sitio\/wp-content\/uploads\/2015\/05\/Siluetas_con_Lema.jpg\"><img loading=\"lazy\" decoding=\"async\" data-attachment-id=\"640\" data-permalink=\"https:\/\/iumotril.org\/sitio\/participa\/siluetas_con_lema\/\" data-orig-file=\"https:\/\/iumotril.org\/sitio\/wp-content\/uploads\/2015\/05\/Siluetas_con_Lema.jpg\" data-orig-size=\"1000,395\" data-comments-opened=\"1\" data-image-meta=\"{&quot;aperture&quot;:&quot;0&quot;,&quot;credit&quot;:&quot;&quot;,&quot;camera&quot;:&quot;&quot;,&quot;caption&quot;:&quot;&quot;,&quot;created_timestamp&quot;:&quot;0&quot;,&quot;copyright&quot;:&quot;&quot;,&quot;focal_length&quot;:&quot;0&quot;,&quot;iso&quot;:&quot;0&quot;,&quot;shutter_speed&quot;:&quot;0&quot;,&quot;title&quot;:&quot;&quot;,&quot;orientation&quot;:&quot;0&quot;}\" data-image-title=\"Siluetas_con_Lema\" data-image-description=\"\" data-image-caption=\"\" data-large-file=\"https:\/\/iumotril.org\/sitio\/wp-content\/uploads\/2015\/05\/Siluetas_con_Lema.jpg\" class=\"alignleft size-medium wp-image-640\" src=\"https:\/\/iumotril.org\/sitio\/wp-content\/uploads\/2015\/05\/Siluetas_con_Lema-300x119.jpg\" alt=\"Es tiempo de izquierda\" width=\"300\" height=\"119\" srcset=\"https:\/\/iumotril.org\/sitio\/wp-content\/uploads\/2015\/05\/Siluetas_con_Lema-300x119.jpg 300w, https:\/\/iumotril.org\/sitio\/wp-content\/uploads\/2015\/05\/Siluetas_con_Lema-768x303.jpg 768w, https:\/\/iumotril.org\/sitio\/wp-content\/uploads\/2015\/05\/Siluetas_con_Lema.jpg 1000w\" sizes=\"auto, (max-width: 300px) 100vw, 300px\" \/><\/a>Ya <span style=\"color: #993300;\"><b>ES TIEMPO DE IZQUIERDA<\/b><\/span>, de justicia social, de trasparencia, de lucha sin cuartel contra la corrupci\u00f3n, de coherencia en el gasto del dinero de los contribuyentes, de racionalizaci\u00f3n en los esfuerzos y de igualdad de oportunidades.<\/span><\/p>\n<p class=\"p1\"><span class=\"s1\">Para conseguir estos objetivos queremos que la participaci\u00f3n ciudadana se constituya en eje vertebral y transversal de muestras propuestas para poder luchar efectivamente contra el autoritarismo que la \u00e9lite econ\u00f3mica y financiera, creemos firmemente que a mayor participaci\u00f3n mas democracia y de mayor calidad.<\/span><\/p>\n<p class=\"p1\"><span class=\"s1\">El Ayuntamiento de Motril tiene que ser de trasparente, ha de ser una instituci\u00f3n al servicio del pueblo, de sus necesidades e intereses y de ninguna manera puede continuar siendo el instrumento de unos pocos para seguir aumentando sus privilegios. Por ello es necesario contar con la permanente participaci\u00f3n y fiscalizaci\u00f3n de la ciudadan\u00eda como medio para garantizar que se atienden las necesidades socioecon\u00f3micas, educativas, culturales o de cualquier tipo, de esta manera primar\u00e1n los valores humanos frente al poder del dinero.<\/span><\/p>\n<p class=\"p1\"><span class=\"s1\">Para llevar a cabo este proyecto pedimos tu apoyo, tu participaci\u00f3n y <span style=\"color: #993300;\">tu voto para <b>IZQUIERDA UNIDA LOS VERDES<\/b>.<\/span><\/span><\/p>\n<p class=\"p1\"><a title=\"Propuestas para cambiar Motril\" href=\"https:\/\/iumotril.org\/sitio\/wp-content\/uploads\/2015\/05\/resumen-programa-modificado.pdf\" target=\"_blank\">Propuestas para cambiar Motril<\/a><\/p>\n<p class=\"p1\"><a title=\"Programa para transformar Motril\" href=\"https:\/\/iumotril.org\/sitio\/wp-content\/uploads\/2015\/05\/programa_municipales_IU_Motril_2015_b1.pdf\" target=\"_blank\">Propuestas de Izquierda para un Motril de la Ciudadan\u00eda (Programa)<\/a><\/p>\n","protected":false},"excerpt":{"rendered":"<p>ES TIEMPO DE IZQUIERDA, ES TIEMPO DE MOTRIL El d\u00eda [&hellip;]<\/p>\n","protected":false},"author":1,"featured_media":0,"parent":533,"menu_order":2,"comment_status":"open","ping_status":"open","template":"","meta":{"cybocfi_hide_featured_image":"","footnotes":""},"class_list":["post-411","page","type-page","status-publish","hentry"],"jetpack_sharing_enabled":true,"jetpack_shortlink":"https:\/\/wp.me\/P4QsU5-6D","jetpack-related-posts":[{"id":533,"url":"https:\/\/iumotril.org\/sitio\/municipales-2015\/","url_meta":{"origin":411,"position":0},"title":"Municipales 2015","author":"Izquierda Unida Motril","date":"21 abril, 2015","format":false,"excerpt":"El d\u00eda 24 de Mayo la ciudadan\u00eda tendremos la oportunidad de ejercer el derecho a elegir a quienes nos representaran a la hora de gobernar Motril los pr\u00f3ximos cuatro a\u00f1os. A trav\u00e9s de estas p\u00e1ginas puedes conocer cu\u00e1les son nuestras propuestas de cambio y transformaci\u00f3n para Motril. Nuestras propuestas,\u00a0elaboradas con\u2026","rel":"","context":"Entrada similar","block_context":{"text":"Entrada similar","link":""},"img":{"alt_text":"","src":"https:\/\/i0.wp.com\/iumotril.org\/sitio\/wp-content\/uploads\/2022\/11\/siluetasconlema-300x118.jpg?resize=350%2C200&ssl=1","width":350,"height":200},"classes":[]},{"id":413,"url":"https:\/\/iumotril.org\/sitio\/borrador-programa-marco\/","url_meta":{"origin":411,"position":1},"title":"Borrador Programa Marco","author":"Izquierda Unida Motril","date":"27 enero, 2015","format":false,"excerpt":"En poco tiempo los ciudadanos y ciudadanas de Motril tendr\u00e9is la oportunidad de ejercer el derecho a elegir a quienes en vuestro nombre vamos a gobernar nuestra ciudad los pr\u00f3ximos cuatro a\u00f1os. Izquierda Unida Los Verdes Convocatoria por Andaluc\u00eda es una fuerza pol\u00edtica radicalmente distinta al resto. Quienes formamos parte\u2026","rel":"","context":"Entrada similar","block_context":{"text":"Entrada similar","link":""},"img":{"alt_text":"","src":"","width":0,"height":0},"classes":[]},{"id":9113,"url":"https:\/\/iumotril.org\/sitio\/candidatas-para-la-gente\/","url_meta":{"origin":411,"position":2},"title":"Candidatas para la gente","author":"Izquierda Unida Motril","date":"29 abril, 2023","format":false,"excerpt":"La\u00a0 candidatura de IU-Verdes Equo est\u00e1 integrada por hombres y mujeres j\u00f3venes en la mayor\u00eda de sus puestos, profesionales, estudiantes, empleados p\u00fablicos, trabajadoras de la ense\u00f1anza y trabajadores de empresas privadas de distintos sectores de actividad, conocedoras\u00a0 de los problemas y necesidades de sus barrios y de la ciudad, que\u2026","rel":"","context":"Entrada similar","block_context":{"text":"Entrada similar","link":""},"img":{"alt_text":"","src":"https:\/\/i0.wp.com\/iumotril.org\/sitio\/wp-content\/uploads\/2023\/04\/78fd7dd3-c177-4ae2-98dd-e4ef957b3d86.jpg?resize=350%2C200&ssl=1","width":350,"height":200,"srcset":"https:\/\/i0.wp.com\/iumotril.org\/sitio\/wp-content\/uploads\/2023\/04\/78fd7dd3-c177-4ae2-98dd-e4ef957b3d86.jpg?resize=350%2C200&ssl=1 1x, https:\/\/i0.wp.com\/iumotril.org\/sitio\/wp-content\/uploads\/2023\/04\/78fd7dd3-c177-4ae2-98dd-e4ef957b3d86.jpg?resize=525%2C300&ssl=1 1.5x, https:\/\/i0.wp.com\/iumotril.org\/sitio\/wp-content\/uploads\/2023\/04\/78fd7dd3-c177-4ae2-98dd-e4ef957b3d86.jpg?resize=700%2C400&ssl=1 2x"},"classes":[]},{"id":537,"url":"https:\/\/iumotril.org\/sitio\/participa\/","url_meta":{"origin":411,"position":3},"title":"Participa","author":"Izquierda Unida Motril","date":"21 abril, 2015","format":false,"excerpt":"A ti que vives de tus manos. A ti, que trabajas en precario en una vida precaria. A ti, trabajador\/a, que no trabajas porque no te dejan. A ti, mujer, que das a los dem\u00e1s mucho tiempo de tu vida y recibes la parte m\u00e1s peque\u00f1a de los bienes de\u2026","rel":"","context":"Entrada similar","block_context":{"text":"Entrada similar","link":""},"img":{"alt_text":"Siluetas_con_Lema","src":"https:\/\/i0.wp.com\/iumotril.org\/sitio\/wp-content\/uploads\/2015\/05\/Siluetas_con_Lema-300x119.jpg?resize=350%2C200","width":350,"height":200},"classes":[]},{"id":3851,"url":"https:\/\/iumotril.org\/sitio\/borrador-de-programa\/","url_meta":{"origin":411,"position":4},"title":"Programa","author":"Izquierda Unida Motril","date":"18 septiembre, 2018","format":false,"excerpt":"Nuestro programa de gobierno es el resultado del debate de multitud de andaluzas y andaluces que han colaborado, tanto individualmente como en Los Patios de elaboraci\u00f3n colectiva, con sus propuestas e iniciativas. Como resultado de este trabajo han surgido m\u00e1s de mil enmiendas a nuestro borrador inicial, estamos sintetizando estas\u2026","rel":"","context":"Entrada similar","block_context":{"text":"Entrada similar","link":""},"img":{"alt_text":"","src":"https:\/\/i0.wp.com\/iumotril.org\/sitio\/wp-content\/uploads\/2018\/09\/1200px-Adelante_Andaluci%CC%81a_Logo.svg_-300x235.png?resize=350%2C200","width":350,"height":200},"classes":[]},{"id":542,"url":"https:\/\/iumotril.org\/sitio\/municipales-2015\/candidatos\/","url_meta":{"origin":411,"position":5},"title":"Candidatos","author":"Izquierda Unida Motril","date":"21 abril, 2015","format":false,"excerpt":"Izquierda Unida Los Verdes Convocatoria por Andaluc\u00eda es una fuerza pol\u00edtica radicalmente distinta al resto. Quienes formamos parte de ella no somos pol\u00edticos profesionales ni tenemos ambiciones personales de poder. Somos gente corriente, cercana y comprometida con equilibrar una sociedad cada vez m\u00e1s desigual, con corregir la actuaci\u00f3n de un\u2026","rel":"","context":"Entrada similar","block_context":{"text":"Entrada similar","link":""},"img":{"alt_text":"daniela","src":"https:\/\/i0.wp.com\/iumotril.org\/sitio\/wp-content\/uploads\/2015\/04\/daniela-150x150.jpg?resize=350%2C200","width":350,"height":200},"classes":[]}],"jetpack_likes_enabled":true,"_links":{"self":[{"href":"https:\/\/iumotril.org\/sitio\/wp-json\/wp\/v2\/pages\/411","targetHints":{"allow":["GET"]}}],"collection":[{"href":"https:\/\/iumotril.org\/sitio\/wp-json\/wp\/v2\/pages"}],"about":[{"href":"https:\/\/iumotril.org\/sitio\/wp-json\/wp\/v2\/types\/page"}],"author":[{"embeddable":true,"href":"https:\/\/iumotril.org\/sitio\/wp-json\/wp\/v2\/users\/1"}],"replies":[{"embeddable":true,"href":"https:\/\/iumotril.org\/sitio\/wp-json\/wp\/v2\/comments?post=411"}],"version-history":[{"count":16,"href":"https:\/\/iumotril.org\/sitio\/wp-json\/wp\/v2\/pages\/411\/revisions"}],"predecessor-version":[{"id":788,"href":"https:\/\/iumotril.org\/sitio\/wp-json\/wp\/v2\/pages\/411\/revisions\/788"}],"up":[{"embeddable":true,"href":"https:\/\/iumotril.org\/sitio\/wp-json\/wp\/v2\/pages\/533"}],"wp:attachment":[{"href":"https:\/\/iumotril.org\/sitio\/wp-json\/wp\/v2\/media?parent=411"}],"curies":[{"name":"wp","href":"https:\/\/api.w.org\/{rel}","templated":true}]}}

<p class="p1"><span class="s1" style="color: #993300;"><b>ES TIEMPO DE IZQUIERDA, ES TIEMPO DE MOTRIL</b></span></p>
<p><span style="line-height: 1.5;">El día 24 de Mayo la ciudadanía tendremos la oportunidad de ejercer el derecho a elegir a quienes nos representaran a la hora de gobernar Motril los próximos cuatro años.</span></p>
<p class="p1"><span class="s1">Nuestras propuestas, elaboradas con la amplia participación de todos los sectores de la sociedad civil motrileña, son<b> nuestro Compromiso</b>.</span></p>
<p class="p1"><span class="s1"><b>Izquierda Unida Los Verdes Convocatoria por Andalucía </b>es una fuerza política radicalmente distinta al resto. Quienes formamos parte de ella no somos políticos profesionales ni tenemos ambiciones personales ni económicas. Somos gente como vosotr@s, comprometidos con equilibrar<span class="Apple-converted-space">  </span>un Motril cada vez más desigual, con corregir la actuación de un sistema económico y político que solo busca el rápido enriquecimiento de unos pocos privilegiados que han expoliado las arcas municipales,<span class="Apple-converted-space">  </span>que no duda en destruir nuestro territorio, contaminar nuestro medio natural, recortar a las clases trabajadoras e impedirles el acceso a derechos básicos como la vivienda o el empleo de calidad.</span></p>
<p class="p1"><span class="s1">Este compromiso exige un cambio total en el rumbo de nuestra ciudad. Pero no un cambio que signifique mas políticas de derechas como las sufridas los últimos ocho años, ni tampoco proyectos agotados de seudoprogresismo que solo significan mas políticas a favor de la élite socioeconómica.</span></p>
<p class="p1"><span class="s1"><a href="https://iumotril.org/sitio/wp-content/uploads/2015/05/Siluetas_con_Lema.jpg"><img loading="lazy" decoding="async" data-attachment-id="640" data-permalink="https://iumotril.org/sitio/participa/siluetas_con_lema/" data-orig-file="https://iumotril.org/sitio/wp-content/uploads/2015/05/Siluetas_con_Lema.jpg" data-orig-size="1000,395" data-comments-opened="1" data-image-meta="{&quot;aperture&quot;:&quot;0&quot;,&quot;credit&quot;:&quot;&quot;,&quot;camera&quot;:&quot;&quot;,&quot;caption&quot;:&quot;&quot;,&quot;created_timestamp&quot;:&quot;0&quot;,&quot;copyright&quot;:&quot;&quot;,&quot;focal_length&quot;:&quot;0&quot;,&quot;iso&quot;:&quot;0&quot;,&quot;shutter_speed&quot;:&quot;0&quot;,&quot;title&quot;:&quot;&quot;,&quot;orientation&quot;:&quot;0&quot;}" data-image-title="Siluetas_con_Lema" data-image-description="" data-image-caption="" data-large-file="https://iumotril.org/sitio/wp-content/uploads/2015/05/Siluetas_con_Lema.jpg" class="alignleft size-medium wp-image-640" src="https://iumotril.org/sitio/wp-content/uploads/2015/05/Siluetas_con_Lema-300x119.jpg" alt="Es tiempo de izquierda" width="300" height="119" srcset="https://iumotril.org/sitio/wp-content/uploads/2015/05/Siluetas_con_Lema-300x119.jpg 300w, https://iumotril.org/sitio/wp-content/uploads/2015/05/Siluetas_con_Lema-768x303.jpg 768w, https://iumotril.org/sitio/wp-content/uploads/2015/05/Siluetas_con_Lema.jpg 1000w" sizes="auto, (max-width: 300px) 100vw, 300px" /></a>Ya <span style="color: #993300;"><b>ES TIEMPO DE IZQUIERDA</b></span>, de justicia social, de trasparencia, de lucha sin cuartel contra la corrupción, de coherencia en el gasto del dinero de los contribuyentes, de racionalización en los esfuerzos y de igualdad de oportunidades.</span></p>
<p class="p1"><span class="s1">Para conseguir estos objetivos queremos que la participación ciudadana se constituya en eje vertebral y transversal de muestras propuestas para poder luchar efectivamente contra el autoritarismo que la élite económica y financiera, creemos firmemente que a mayor participación mas democracia y de mayor calidad.</span></p>
<p class="p1"><span class="s1">El Ayuntamiento de Motril tiene que ser de trasparente, ha de ser una institución al servicio del pueblo, de sus necesidades e intereses y de ninguna manera puede continuar siendo el instrumento de unos pocos para seguir aumentando sus privilegios. Por ello es necesario contar con la permanente participación y fiscalización de la ciudadanía como medio para garantizar que se atienden las necesidades socioeconómicas, educativas, culturales o de cualquier tipo, de esta manera primarán los valores humanos frente al poder del dinero.</span></p>
<p class="p1"><span class="s1">Para llevar a cabo este proyecto pedimos tu apoyo, tu participación y <span style="color: #993300;">tu voto para <b>IZQUIERDA UNIDA LOS VERDES</b>.</span></span></p>
<p class="p1"><a title="Propuestas para cambiar Motril" href="https://iumotril.org/sitio/wp-content/uploads/2015/05/resumen-programa-modificado.pdf" target="_blank">Propuestas para cambiar Motril</a></p>
<p class="p1"><a title="Programa para transformar Motril" href="https://iumotril.org/sitio/wp-content/uploads/2015/05/programa_municipales_IU_Motril_2015_b1.pdf" target="_blank">Propuestas de Izquierda para un Motril de la Ciudadanía (Programa)</a></p>

<p>ES TIEMPO DE IZQUIERDA, ES TIEMPO DE MOTRIL El día [&hellip;]</p>

El día 24 de Mayo la ciudadanía tendremos la oportunidad de ejercer el derecho a elegir a quienes nos representaran a la hora de gobernar Motril los próximos cuatro años. A través de estas páginas puedes conocer cuáles son nuestras propuestas de cambio y transformación para Motril. Nuestras propuestas, elaboradas con…

En poco tiempo los ciudadanos y ciudadanas de Motril tendréis la oportunidad de ejercer el derecho a elegir a quienes en vuestro nombre vamos a gobernar nuestra ciudad los próximos cuatro años. Izquierda Unida Los Verdes Convocatoria por Andalucía es una fuerza política radicalmente distinta al resto. Quienes formamos parte…

La  candidatura de IU-Verdes Equo está integrada por hombres y mujeres jóvenes en la mayoría de sus puestos, profesionales, estudiantes, empleados públicos, trabajadoras de la enseñanza y trabajadores de empresas privadas de distintos sectores de actividad, conocedoras  de los problemas y necesidades de sus barrios y de la ciudad, que…

A ti que vives de tus manos. A ti, que trabajas en precario en una vida precaria. A ti, trabajador/a, que no trabajas porque no te dejan. A ti, mujer, que das a los demás mucho tiempo de tu vida y recibes la parte más pequeña de los bienes de…

Nuestro programa de gobierno es el resultado del debate de multitud de andaluzas y andaluces que han colaborado, tanto individualmente como en Los Patios de elaboración colectiva, con sus propuestas e iniciativas. Como resultado de este trabajo han surgido más de mil enmiendas a nuestro borrador inicial, estamos sintetizando estas…

Izquierda Unida Los Verdes Convocatoria por Andalucía es una fuerza política radicalmente distinta al resto. Quienes formamos parte de ella no somos políticos profesionales ni tenemos ambiciones personales de poder. Somos gente corriente, cercana y comprometida con equilibrar una sociedad cada vez más desigual, con corregir la actuación de un…
