{"id":1194,"date":"2015-08-07T11:50:47","date_gmt":"2015-08-07T09:50:47","guid":{"rendered":"http:\/\/iumotril.org\/sitio\/?page_id=1194"},"modified":"2023-07-25T11:24:31","modified_gmt":"2023-07-25T09:24:31","slug":"actividad-municipal","status":"publish","type":"page","link":"https:\/\/iumotril.org\/sitio\/actividad-municipal\/","title":{"rendered":"Actividad Municipal"},"content":{"rendered":"<p><img loading=\"lazy\" decoding=\"async\" data-attachment-id=\"9246\" data-permalink=\"https:\/\/iumotril.org\/sitio\/actividad-municipal\/lema-alargadorojo-1500x500\/\" data-orig-file=\"https:\/\/iumotril.org\/sitio\/wp-content\/uploads\/2023\/05\/lema-alargadorojo-1500x500-1.png\" data-orig-size=\"1500,500\" data-comments-opened=\"1\" data-image-meta=\"{&quot;aperture&quot;:&quot;0&quot;,&quot;credit&quot;:&quot;&quot;,&quot;camera&quot;:&quot;&quot;,&quot;caption&quot;:&quot;&quot;,&quot;created_timestamp&quot;:&quot;0&quot;,&quot;copyright&quot;:&quot;&quot;,&quot;focal_length&quot;:&quot;0&quot;,&quot;iso&quot;:&quot;0&quot;,&quot;shutter_speed&quot;:&quot;0&quot;,&quot;title&quot;:&quot;&quot;,&quot;orientation&quot;:&quot;0&quot;}\" data-image-title=\"lema alargadorojo 1500&amp;#215;500\" data-image-description=\"\" data-image-caption=\"\" data-medium-file=\"https:\/\/iumotril.org\/sitio\/wp-content\/uploads\/2023\/05\/lema-alargadorojo-1500x500-1-300x100.png\" data-large-file=\"https:\/\/iumotril.org\/sitio\/wp-content\/uploads\/2023\/05\/lema-alargadorojo-1500x500-1-1024x341.png\" class=\"aligncenter wp-image-9246 size-large\" src=\"https:\/\/iumotril.org\/sitio\/wp-content\/uploads\/2023\/05\/lema-alargadorojo-1500x500-1-1024x341.png\" alt=\"\" width=\"640\" height=\"213\" srcset=\"https:\/\/iumotril.org\/sitio\/wp-content\/uploads\/2023\/05\/lema-alargadorojo-1500x500-1-1024x341.png 1024w, https:\/\/iumotril.org\/sitio\/wp-content\/uploads\/2023\/05\/lema-alargadorojo-1500x500-1-300x100.png 300w, https:\/\/iumotril.org\/sitio\/wp-content\/uploads\/2023\/05\/lema-alargadorojo-1500x500-1-768x256.png 768w, https:\/\/iumotril.org\/sitio\/wp-content\/uploads\/2023\/05\/lema-alargadorojo-1500x500-1.png 1500w\" sizes=\"auto, (max-width: 640px) 100vw, 640px\" \/><\/p>\r\n<p>A trav\u00e9s de esta P\u00e1gina, se puede acceder a la informaci\u00f3n sobre la actividad desarrollada por el Grupo Municipal de Izquierda Unida, entre otra a las Mociones presentadas a en los distintos\u00a0Plenos municipales, as\u00ed como las preguntas sobre diferentes cuestiones se han trasladado al equipo de gobierno, as\u00ed como otras solicitudes y demandas.<\/p>\r\n<p>H\u00e1znos llegar tus preguntas para que las podamos trasladar y, tambi\u00e9n, tus propuestas para la elaboraci\u00f3n de las mociones que consideres adecuadas.<\/p>\r\n<div data-test='contact-form' id='contact-form-1194' class='wp-block-jetpack-contact-form-container '>\n<form action='https:\/\/iumotril.org\/sitio\/actividad-municipal\/#contact-form-1194' method='post' class='contact-form commentsblock' aria-label=\"Actividad Municipal\" novalidate>\n\n<div style=\"\" class='grunion-field-name-wrap grunion-field-wrap'  >\n<label\n\t\t\t\tfor='g1194-nombre'\n\t\t\t\tclass='grunion-field-label name'>Nombre<span class=\"grunion-label-required\" aria-hidden=\"true\">(obligatorio)<\/span><\/label>\n<input\n\t\t\t\t\ttype='text'\n\t\t\t\t\tname='g1194-nombre'\n\t\t\t\t\tid='g1194-nombre'\n\t\t\t\t\tvalue=''\n\t\t\t\t\tclass='name  grunion-field' \n\t\t\t\t\trequired aria-required='true' \/>\n\t<\/div>\n\n<div style=\"\" class='grunion-field-email-wrap grunion-field-wrap'  >\n<label\n\t\t\t\tfor='g1194-correoelectrnico'\n\t\t\t\tclass='grunion-field-label email'>Correo electr\u00f3nico<span class=\"grunion-label-required\" aria-hidden=\"true\">(obligatorio)<\/span><\/label>\n<input\n\t\t\t\t\ttype='email'\n\t\t\t\t\tname='g1194-correoelectrnico'\n\t\t\t\t\tid='g1194-correoelectrnico'\n\t\t\t\t\tvalue=''\n\t\t\t\t\tclass='email  grunion-field' \n\t\t\t\t\trequired aria-required='true' \/>\n\t<\/div>\n\n<div style=\"\" class='grunion-field-textarea-wrap grunion-field-wrap'  >\n<label\n\t\t\t\tfor='contact-form-comment-g1194-mensaje'\n\t\t\t\tclass='grunion-field-label textarea'>Mensaje<span class=\"grunion-label-required\" aria-hidden=\"true\">(obligatorio)<\/span><\/label>\n<textarea\n\t\t                style=''\n\t\t                name='g1194-mensaje'\n\t\t                id='contact-form-comment-g1194-mensaje'\n\t\t                rows='20' class='textarea  grunion-field'  required aria-required='true'><\/textarea>\n\t<\/div>\n\n<div style=\"\" class='grunion-field-text-wrap grunion-field-wrap'  >\n<label\n\t\t\t\tfor='g1194-asunto'\n\t\t\t\tclass='grunion-field-label text'>Asunto<\/label>\n<input\n\t\t\t\t\ttype='text'\n\t\t\t\t\tname='g1194-asunto'\n\t\t\t\t\tid='g1194-asunto'\n\t\t\t\t\tvalue=''\n\t\t\t\t\tclass='text  grunion-field' \n\t\t\t\t\t \/>\n\t<\/div>\n\t<p class='contact-submit'>\n\t\t<button type='submit' class='pushbutton-wide'>Enviar<\/button>\t\t<input type='hidden' name='contact-form-id' value='1194' \/>\n\t\t<input type='hidden' name='action' value='grunion-contact-form' \/>\n\t\t<input type='hidden' name='contact-form-hash' value='813469801649549197882cfa13882f70aece5d6e' \/>\n\t<\/p>\n<p style=\"display: none !important;\" class=\"akismet-fields-container\" data-prefix=\"ak_\"><label>&#916;<textarea name=\"ak_hp_textarea\" cols=\"45\" rows=\"8\" maxlength=\"100\"><\/textarea><\/label><input type=\"hidden\" id=\"ak_js_1\" name=\"ak_js\" value=\"30\"\/><script>document.getElementById( \"ak_js_1\" ).setAttribute( \"value\", ( new Date() ).getTime() );<\/script><\/p><\/form>\n<\/div>\r\n<p>Participa para que sea posible otra manera de hacer pol\u00edtica. Impl\u00edcate para cambiar Motril.<\/p>\r\n<p>&nbsp;<\/p>\r\n<p>En est\u00e1 p\u00e1gina econtrar\u00e1s informaci\u00f3n sobre:\u00a0<\/p>\r\n<p style=\"padding-left: 150px;\">&#8211; <strong><a href=\"https:\/\/iumotril.org\/sitio\/mociones-presentadas-2\/\" target=\"_blank\" rel=\"noopener\">Mociones<\/a><\/strong> Presentadas al Pleno<\/p>\r\n<p style=\"padding-left: 150px;\">&#8211; <strong><a href=\"https:\/\/iumotril.org\/sitio\/actividad-municipal\/preguntas-al-gobierno-municipal\/\" target=\"_blank\" rel=\"noopener\">Preguntas<\/a><\/strong> tramitadas e informaciones solicitadas al gobierno municipal<\/p>\r\n\r\n<p>&nbsp;<\/p>\r\n","protected":false},"excerpt":{"rendered":"<p>A trav\u00e9s de esta P\u00e1gina, se puede acceder a la [&hellip;]<\/p>\n","protected":false},"author":1,"featured_media":0,"parent":0,"menu_order":0,"comment_status":"open","ping_status":"open","template":"","meta":{"footnotes":""},"class_list":["post-1194","page","type-page","status-publish","hentry"],"jetpack_sharing_enabled":true,"jetpack_shortlink":"https:\/\/wp.me\/P4QsU5-jg","jetpack-related-posts":[],"jetpack_likes_enabled":true,"_links":{"self":[{"href":"https:\/\/iumotril.org\/sitio\/wp-json\/wp\/v2\/pages\/1194","targetHints":{"allow":["GET"]}}],"collection":[{"href":"https:\/\/iumotril.org\/sitio\/wp-json\/wp\/v2\/pages"}],"about":[{"href":"https:\/\/iumotril.org\/sitio\/wp-json\/wp\/v2\/types\/page"}],"author":[{"embeddable":true,"href":"https:\/\/iumotril.org\/sitio\/wp-json\/wp\/v2\/users\/1"}],"replies":[{"embeddable":true,"href":"https:\/\/iumotril.org\/sitio\/wp-json\/wp\/v2\/comments?post=1194"}],"version-history":[{"count":15,"href":"https:\/\/iumotril.org\/sitio\/wp-json\/wp\/v2\/pages\/1194\/revisions"}],"predecessor-version":[{"id":9421,"href":"https:\/\/iumotril.org\/sitio\/wp-json\/wp\/v2\/pages\/1194\/revisions\/9421"}],"wp:attachment":[{"href":"https:\/\/iumotril.org\/sitio\/wp-json\/wp\/v2\/media?parent=1194"}],"curies":[{"name":"wp","href":"https:\/\/api.w.org\/{rel}","templated":true}]}}